{"id":978,"date":"2022-06-09T03:23:34","date_gmt":"2022-06-09T01:23:34","guid":{"rendered":"https:\/\/perukikrakow.com.pl\/sklep\/?post_type=product&#038;p=978"},"modified":"2022-07-15T04:54:10","modified_gmt":"2022-07-15T02:54:10","slug":"sara-w-kolorze-darkbrown-kolekcja-power-kids","status":"publish","type":"product","link":"https:\/\/perukikrakow.com.pl\/sklep\/produkt\/sara-w-kolorze-darkbrown-kolekcja-power-kids\/","title":{"rendered":"SARA w kolorze darkbrown* Kolekcja POWER KIDS"},"content":{"rendered":"<p><img decoding=\"async\" src=\"https:\/\/perukikrakow.com.pl\/sklep\/wp-content\/uploads\/2022\/06\/ellen-wille_logo_11zon-1.jpg\" alt=\"ellen wille\" \/><\/p>\n<h4>Peruka z w\u0142osa syntetycznego<\/h4>\n<ul>\n<li>Mikrosk\u00f3ra na linii przedzia\u0142ka.<\/li>\n<li>Pozwala na naturalnie wygl\u0105daj\u0105cy prze\u015bwit sk\u00f3ry na przedzia\u0142ku.<\/li>\n<li>Rozmyta przednia linia w\u0142os\u00f3w.<\/li>\n<li>Daje naturalny wygl\u0105d i sprawia wra\u017cenie wyrastaj\u0105cych w\u0142os\u00f3w ze sk\u00f3ry g\u0142owy wzd\u0142u\u017c linii czo\u0142a, co pozwala na zrobienie fryzury bez grzywki lub u\u0142o\u017cenie w\u0142os\u00f3w do g\u00f3ry.<\/li>\n<\/ul>\n","protected":false},"excerpt":{"rendered":"<p>Peruka z w\u0142osa syntetycznego Mikrosk\u00f3ra na linii przedzia\u0142ka. Pozwala na naturalnie wygl\u0105daj\u0105cy prze\u015bwit sk\u00f3ry na przedzia\u0142ku. Rozmyta przednia linia w\u0142os\u00f3w. Daje naturalny wygl\u0105d i sprawia wra\u017cenie wyrastaj\u0105cych w\u0142os\u00f3w ze sk\u00f3ry g\u0142owy wzd\u0142u\u017c linii czo\u0142a, co pozwala na zrobienie fryzury bez grzywki lub u\u0142o\u017cenie w\u0142os\u00f3w do g\u00f3ry.<\/p>\n","protected":false},"featured_media":1006,"comment_status":"open","ping_status":"closed","template":"","meta":[],"product_cat":[39,16,19],"product_tag":[],"class_list":["post-978","product","type-product","status-publish","has-post-thumbnail","hentry","product_cat-ellen-wille","product_cat-peruki","product_cat-peruki-dzieciece","product-grid-view"],"_links":{"self":[{"href":"https:\/\/perukikrakow.com.pl\/sklep\/wp-json\/wp\/v2\/product\/978","targetHints":{"allow":["GET"]}}],"collection":[{"href":"https:\/\/perukikrakow.com.pl\/sklep\/wp-json\/wp\/v2\/product"}],"about":[{"href":"https:\/\/perukikrakow.com.pl\/sklep\/wp-json\/wp\/v2\/types\/product"}],"replies":[{"embeddable":true,"href":"https:\/\/perukikrakow.com.pl\/sklep\/wp-json\/wp\/v2\/comments?post=978"}],"wp:featuredmedia":[{"embeddable":true,"href":"https:\/\/perukikrakow.com.pl\/sklep\/wp-json\/wp\/v2\/media\/1006"}],"wp:attachment":[{"href":"https:\/\/perukikrakow.com.pl\/sklep\/wp-json\/wp\/v2\/media?parent=978"}],"wp:term":[{"taxonomy":"product_cat","embeddable":true,"href":"https:\/\/perukikrakow.com.pl\/sklep\/wp-json\/wp\/v2\/product_cat?post=978"},{"taxonomy":"product_tag","embeddable":true,"href":"https:\/\/perukikrakow.com.pl\/sklep\/wp-json\/wp\/v2\/product_tag?post=978"}],"curies":[{"name":"wp","href":"https:\/\/api.w.org\/{rel}","templated":true}]}}