{"id":942,"date":"2022-06-09T03:02:49","date_gmt":"2022-06-09T01:02:49","guid":{"rendered":"https:\/\/perukikrakow.com.pl\/sklep\/?post_type=product&#038;p=942"},"modified":"2022-06-09T03:09:59","modified_gmt":"2022-06-09T01:09:59","slug":"tanguy-w-kolorze-37-3-s56-60","status":"publish","type":"product","link":"https:\/\/perukikrakow.com.pl\/sklep\/produkt\/tanguy-w-kolorze-37-3-s56-60\/","title":{"rendered":"TANGUY w kolorze 37\/3-S56\/60"},"content":{"rendered":"<p><strong>Peruka syntetyczna:<\/strong><\/p>\n<ul>\n<li>wykonanie ca\u0142kowicie r\u0119czne, na tiulu<\/li>\n<li>mikrosk\u00f3ra na g\u00f3rnej cz\u0119\u015bci g\u0142owy<\/li>\n<li>rozmyta przednia linia w\u0142os\u00f3w<\/li>\n<li>wra\u017cenie, \u017ce w\u0142osy wyrastaj\u0105 z\u00a0prawdziwej sk\u00f3ry g\u0142owy na g\u00f3rnej powierzchni i\u00a0linii czo\u0142a<\/li>\n<li>mo\u017cliwa zmiana uczesania<\/li>\n<li>mo\u017cliwa fryzura bez grzywki lub u\u0142o\u017cenie w\u0142os\u00f3w do g\u00f3ry<\/li>\n<\/ul>\n","protected":false},"excerpt":{"rendered":"<p>Peruka syntetyczna: wykonanie ca\u0142kowicie r\u0119czne, na tiulu mikrosk\u00f3ra na g\u00f3rnej cz\u0119\u015bci g\u0142owy rozmyta przednia linia w\u0142os\u00f3w wra\u017cenie, \u017ce w\u0142osy wyrastaj\u0105 z\u00a0prawdziwej sk\u00f3ry g\u0142owy na g\u00f3rnej powierzchni i\u00a0linii czo\u0142a mo\u017cliwa zmiana uczesania mo\u017cliwa fryzura bez grzywki lub u\u0142o\u017cenie w\u0142os\u00f3w do g\u00f3ry<\/p>\n","protected":false},"featured_media":976,"comment_status":"open","ping_status":"closed","template":"","meta":[],"product_cat":[16,18],"product_tag":[],"class_list":["post-942","product","type-product","status-publish","has-post-thumbnail","hentry","product_cat-peruki","product_cat-peruki-meskie","product-grid-view"],"_links":{"self":[{"href":"https:\/\/perukikrakow.com.pl\/sklep\/wp-json\/wp\/v2\/product\/942","targetHints":{"allow":["GET"]}}],"collection":[{"href":"https:\/\/perukikrakow.com.pl\/sklep\/wp-json\/wp\/v2\/product"}],"about":[{"href":"https:\/\/perukikrakow.com.pl\/sklep\/wp-json\/wp\/v2\/types\/product"}],"replies":[{"embeddable":true,"href":"https:\/\/perukikrakow.com.pl\/sklep\/wp-json\/wp\/v2\/comments?post=942"}],"wp:featuredmedia":[{"embeddable":true,"href":"https:\/\/perukikrakow.com.pl\/sklep\/wp-json\/wp\/v2\/media\/976"}],"wp:attachment":[{"href":"https:\/\/perukikrakow.com.pl\/sklep\/wp-json\/wp\/v2\/media?parent=942"}],"wp:term":[{"taxonomy":"product_cat","embeddable":true,"href":"https:\/\/perukikrakow.com.pl\/sklep\/wp-json\/wp\/v2\/product_cat?post=942"},{"taxonomy":"product_tag","embeddable":true,"href":"https:\/\/perukikrakow.com.pl\/sklep\/wp-json\/wp\/v2\/product_tag?post=942"}],"curies":[{"name":"wp","href":"https:\/\/api.w.org\/{rel}","templated":true}]}}