{"id":3776,"date":"2022-07-19T05:09:19","date_gmt":"2022-07-19T03:09:19","guid":{"rendered":"https:\/\/perukikrakow.com.pl\/sklep\/?post_type=product&#038;p=3776"},"modified":"2024-11-20T11:12:21","modified_gmt":"2024-11-20T10:12:21","slug":"turban-rome-41","status":"publish","type":"product","link":"https:\/\/perukikrakow.com.pl\/sklep\/produkt\/turban-rome-41\/","title":{"rendered":"TURBAN ROME 41"},"content":{"rendered":"<p>Przewiewny, bawe\u0142niany turban w formie chustki z kr\u00f3tkimi troczkami wi\u0105zanymi z ty\u0142u. Idealny na ciep\u0142e dni.<\/p>\n<p>Sk\u0142ad: 100% BAWE\u0141NA<\/p>\n","protected":false},"excerpt":{"rendered":"<p>Przewiewny, bawe\u0142niany turban w formie chustki z kr\u00f3tkimi troczkami wi\u0105zanymi z ty\u0142u. Idealny na ciep\u0142e dni. Sk\u0142ad: 100% BAWE\u0141NA<\/p>\n","protected":false},"featured_media":3788,"comment_status":"open","ping_status":"closed","template":"","meta":[],"product_cat":[41,35],"product_tag":[],"class_list":["post-3776","product","type-product","status-publish","has-post-thumbnail","hentry","product_cat-chusty","product_cat-turbany","product-grid-view"],"_links":{"self":[{"href":"https:\/\/perukikrakow.com.pl\/sklep\/wp-json\/wp\/v2\/product\/3776","targetHints":{"allow":["GET"]}}],"collection":[{"href":"https:\/\/perukikrakow.com.pl\/sklep\/wp-json\/wp\/v2\/product"}],"about":[{"href":"https:\/\/perukikrakow.com.pl\/sklep\/wp-json\/wp\/v2\/types\/product"}],"replies":[{"embeddable":true,"href":"https:\/\/perukikrakow.com.pl\/sklep\/wp-json\/wp\/v2\/comments?post=3776"}],"wp:featuredmedia":[{"embeddable":true,"href":"https:\/\/perukikrakow.com.pl\/sklep\/wp-json\/wp\/v2\/media\/3788"}],"wp:attachment":[{"href":"https:\/\/perukikrakow.com.pl\/sklep\/wp-json\/wp\/v2\/media?parent=3776"}],"wp:term":[{"taxonomy":"product_cat","embeddable":true,"href":"https:\/\/perukikrakow.com.pl\/sklep\/wp-json\/wp\/v2\/product_cat?post=3776"},{"taxonomy":"product_tag","embeddable":true,"href":"https:\/\/perukikrakow.com.pl\/sklep\/wp-json\/wp\/v2\/product_tag?post=3776"}],"curies":[{"name":"wp","href":"https:\/\/api.w.org\/{rel}","templated":true}]}}