{"id":3261,"date":"2022-07-05T17:59:04","date_gmt":"2022-07-05T15:59:04","guid":{"rendered":"https:\/\/perukikrakow.com.pl\/sklep\/?post_type=product&#038;p=3261"},"modified":"2022-07-05T18:00:35","modified_gmt":"2022-07-05T16:00:35","slug":"turban-puerto-rico-b21","status":"publish","type":"product","link":"https:\/\/perukikrakow.com.pl\/sklep\/produkt\/turban-puerto-rico-b21\/","title":{"rendered":"TURBAN PUERTO RICO B21"},"content":{"rendered":"<p>Elegancja i klasyczne kolory oraz jednolity materia\u0142 bez wzor\u00f3w, lecz z wieloma marszczeniami wok\u00f3\u0142 g\u0142owy i kwiatem umieszczonym po jednej stronie.<\/p>\n<p>Wszystko razem tworzy bardzo kobiecy w stylu turban o sporej obj\u0119to\u015bci.<\/p>\n<p>Model sprawdzi si\u0119 do bardziej eleganckich stroj\u00f3w codziennych, a tak\u017ce podczas ch\u0142odniejszych dni.<\/p>\n<p>Sk\u0142ad: 95% bambus, 5% elastan<\/p>\n","protected":false},"excerpt":{"rendered":"<p>Elegancja i klasyczne kolory oraz jednolity materia\u0142 bez wzor\u00f3w, lecz z wieloma marszczeniami wok\u00f3\u0142 g\u0142owy i kwiatem umieszczonym po jednej stronie. Wszystko razem tworzy bardzo kobiecy w stylu turban o sporej obj\u0119to\u015bci. Model sprawdzi si\u0119 do bardziej eleganckich stroj\u00f3w codziennych, a tak\u017ce podczas ch\u0142odniejszych dni. Sk\u0142ad: 95% bambus, 5% elastan<\/p>\n","protected":false},"featured_media":3272,"comment_status":"open","ping_status":"closed","template":"","meta":[],"product_cat":[36,35],"product_tag":[],"class_list":["post-3261","product","type-product","status-publish","has-post-thumbnail","hentry","product_cat-bamboo-islands","product_cat-turbany","product-grid-view"],"_links":{"self":[{"href":"https:\/\/perukikrakow.com.pl\/sklep\/wp-json\/wp\/v2\/product\/3261","targetHints":{"allow":["GET"]}}],"collection":[{"href":"https:\/\/perukikrakow.com.pl\/sklep\/wp-json\/wp\/v2\/product"}],"about":[{"href":"https:\/\/perukikrakow.com.pl\/sklep\/wp-json\/wp\/v2\/types\/product"}],"replies":[{"embeddable":true,"href":"https:\/\/perukikrakow.com.pl\/sklep\/wp-json\/wp\/v2\/comments?post=3261"}],"wp:featuredmedia":[{"embeddable":true,"href":"https:\/\/perukikrakow.com.pl\/sklep\/wp-json\/wp\/v2\/media\/3272"}],"wp:attachment":[{"href":"https:\/\/perukikrakow.com.pl\/sklep\/wp-json\/wp\/v2\/media?parent=3261"}],"wp:term":[{"taxonomy":"product_cat","embeddable":true,"href":"https:\/\/perukikrakow.com.pl\/sklep\/wp-json\/wp\/v2\/product_cat?post=3261"},{"taxonomy":"product_tag","embeddable":true,"href":"https:\/\/perukikrakow.com.pl\/sklep\/wp-json\/wp\/v2\/product_tag?post=3261"}],"curies":[{"name":"wp","href":"https:\/\/api.w.org\/{rel}","templated":true}]}}