{"id":3032,"date":"2022-06-22T15:25:32","date_gmt":"2022-06-22T13:25:32","guid":{"rendered":"https:\/\/perukikrakow.com.pl\/sklep\/?post_type=product&#038;p=3032"},"modified":"2022-06-22T15:26:12","modified_gmt":"2022-06-22T13:26:12","slug":"c-22-citrus-solvent-118m","status":"publish","type":"product","link":"https:\/\/perukikrakow.com.pl\/sklep\/produkt\/c-22-citrus-solvent-118m\/","title":{"rendered":"C-22 Citrus Solvent 118m"},"content":{"rendered":"<div id=\"description-long\" class=\"description tinymce_html col-xs-12\">\n<p>Specjalny produkt do czyszczenia uzupe\u0142nie\u0144 z wszystkich ta\u015bm mocuj\u0105cych i klej\u00f3w o \u015bwie\u017cym cytrusowym zapachu. Czy\u015bci szybko i skutecznie nie tylko uzupe\u0142nienie, ale i sk\u00f3r\u0119 g\u0142owy. Produkt na bazie cytrus\u00f3w, bezpieczny dla sk\u00f3ry. Mo\u017cna go \u0142atwo usun\u0105\u0107 wod\u0105 z myd\u0142em.<\/p>\n<p>Butelka ze sprayem o poj. 118 ml<\/p>\n<\/div>\n","protected":false},"excerpt":{"rendered":"<p>Specjalny produkt do czyszczenia uzupe\u0142nie\u0144 z wszystkich ta\u015bm mocuj\u0105cych i klej\u00f3w o \u015bwie\u017cym cytrusowym zapachu. Czy\u015bci szybko i skutecznie nie tylko uzupe\u0142nienie, ale i sk\u00f3r\u0119 g\u0142owy. Produkt na bazie cytrus\u00f3w, bezpieczny dla sk\u00f3ry. Mo\u017cna go \u0142atwo usun\u0105\u0107 wod\u0105 z myd\u0142em. Butelka ze sprayem o poj. 118 ml<\/p>\n","protected":false},"featured_media":3033,"comment_status":"open","ping_status":"closed","template":"","meta":[],"product_cat":[34],"product_tag":[],"class_list":["post-3032","product","type-product","status-publish","has-post-thumbnail","hentry","product_cat-kosmetyki","product-grid-view"],"_links":{"self":[{"href":"https:\/\/perukikrakow.com.pl\/sklep\/wp-json\/wp\/v2\/product\/3032","targetHints":{"allow":["GET"]}}],"collection":[{"href":"https:\/\/perukikrakow.com.pl\/sklep\/wp-json\/wp\/v2\/product"}],"about":[{"href":"https:\/\/perukikrakow.com.pl\/sklep\/wp-json\/wp\/v2\/types\/product"}],"replies":[{"embeddable":true,"href":"https:\/\/perukikrakow.com.pl\/sklep\/wp-json\/wp\/v2\/comments?post=3032"}],"wp:featuredmedia":[{"embeddable":true,"href":"https:\/\/perukikrakow.com.pl\/sklep\/wp-json\/wp\/v2\/media\/3033"}],"wp:attachment":[{"href":"https:\/\/perukikrakow.com.pl\/sklep\/wp-json\/wp\/v2\/media?parent=3032"}],"wp:term":[{"taxonomy":"product_cat","embeddable":true,"href":"https:\/\/perukikrakow.com.pl\/sklep\/wp-json\/wp\/v2\/product_cat?post=3032"},{"taxonomy":"product_tag","embeddable":true,"href":"https:\/\/perukikrakow.com.pl\/sklep\/wp-json\/wp\/v2\/product_tag?post=3032"}],"curies":[{"name":"wp","href":"https:\/\/api.w.org\/{rel}","templated":true}]}}