{"id":3019,"date":"2022-06-21T12:33:33","date_gmt":"2022-06-21T10:33:33","guid":{"rendered":"https:\/\/perukikrakow.com.pl\/sklep\/?post_type=product&#038;p=3019"},"modified":"2022-06-21T12:33:58","modified_gmt":"2022-06-21T10:33:58","slug":"klej-mity-tite-15ml","status":"publish","type":"product","link":"https:\/\/perukikrakow.com.pl\/sklep\/produkt\/klej-mity-tite-15ml\/","title":{"rendered":"KLEJ Mity-Tite 15ml"},"content":{"rendered":"<p>Jest to najpopularniejszy klej do codziennego u\u017cytku.<\/p>\n<p>Klej akrylowy, wodoodporny.<\/p>\n<p>Wytrzyma\u0142o\u015b\u0107: 1-7 dni<\/p>\n<p>Buteleczka ze zintegrowan\u0105 szczoteczk\u0105 o poj. 15 ml<\/p>\n","protected":false},"excerpt":{"rendered":"<p>Jest to najpopularniejszy klej do codziennego u\u017cytku. Klej akrylowy, wodoodporny. Wytrzyma\u0142o\u015b\u0107: 1-7 dni Buteleczka ze zintegrowan\u0105 szczoteczk\u0105 o poj. 15 ml<\/p>\n","protected":false},"featured_media":3020,"comment_status":"open","ping_status":"closed","template":"","meta":[],"product_cat":[34],"product_tag":[],"class_list":["post-3019","product","type-product","status-publish","has-post-thumbnail","hentry","product_cat-kosmetyki","product-grid-view"],"_links":{"self":[{"href":"https:\/\/perukikrakow.com.pl\/sklep\/wp-json\/wp\/v2\/product\/3019","targetHints":{"allow":["GET"]}}],"collection":[{"href":"https:\/\/perukikrakow.com.pl\/sklep\/wp-json\/wp\/v2\/product"}],"about":[{"href":"https:\/\/perukikrakow.com.pl\/sklep\/wp-json\/wp\/v2\/types\/product"}],"replies":[{"embeddable":true,"href":"https:\/\/perukikrakow.com.pl\/sklep\/wp-json\/wp\/v2\/comments?post=3019"}],"wp:featuredmedia":[{"embeddable":true,"href":"https:\/\/perukikrakow.com.pl\/sklep\/wp-json\/wp\/v2\/media\/3020"}],"wp:attachment":[{"href":"https:\/\/perukikrakow.com.pl\/sklep\/wp-json\/wp\/v2\/media?parent=3019"}],"wp:term":[{"taxonomy":"product_cat","embeddable":true,"href":"https:\/\/perukikrakow.com.pl\/sklep\/wp-json\/wp\/v2\/product_cat?post=3019"},{"taxonomy":"product_tag","embeddable":true,"href":"https:\/\/perukikrakow.com.pl\/sklep\/wp-json\/wp\/v2\/product_tag?post=3019"}],"curies":[{"name":"wp","href":"https:\/\/api.w.org\/{rel}","templated":true}]}}