{"id":3011,"date":"2022-06-21T12:30:42","date_gmt":"2022-06-21T10:30:42","guid":{"rendered":"https:\/\/perukikrakow.com.pl\/sklep\/?post_type=product&#038;p=3011"},"modified":"2022-06-21T12:31:18","modified_gmt":"2022-06-21T10:31:18","slug":"activ-bonding-shampoo-200ml","status":"publish","type":"product","link":"https:\/\/perukikrakow.com.pl\/sklep\/produkt\/activ-bonding-shampoo-200ml\/","title":{"rendered":"ACTIV &#8211; Bonding Shampoo 200ml"},"content":{"rendered":"<p>Szampon przeznaczony do mycia w\u0142os\u00f3w naturalnych. Intensywnie myje, nie zawiera substancji nat\u0142uszczaj\u0105cych. Mo\u017cna go stosowa\u0107 do mycia uzupe\u0142nionych w\u0142os\u00f3w jak i sk\u00f3ry g\u0142owy.<\/p>\n","protected":false},"excerpt":{"rendered":"<p>Szampon przeznaczony do mycia w\u0142os\u00f3w naturalnych. Intensywnie myje, nie zawiera substancji nat\u0142uszczaj\u0105cych. Mo\u017cna go stosowa\u0107 do mycia uzupe\u0142nionych w\u0142os\u00f3w jak i sk\u00f3ry g\u0142owy.<\/p>\n","protected":false},"featured_media":3013,"comment_status":"open","ping_status":"closed","template":"","meta":[],"product_cat":[34],"product_tag":[],"class_list":["post-3011","product","type-product","status-publish","has-post-thumbnail","hentry","product_cat-kosmetyki","product-grid-view"],"_links":{"self":[{"href":"https:\/\/perukikrakow.com.pl\/sklep\/wp-json\/wp\/v2\/product\/3011","targetHints":{"allow":["GET"]}}],"collection":[{"href":"https:\/\/perukikrakow.com.pl\/sklep\/wp-json\/wp\/v2\/product"}],"about":[{"href":"https:\/\/perukikrakow.com.pl\/sklep\/wp-json\/wp\/v2\/types\/product"}],"replies":[{"embeddable":true,"href":"https:\/\/perukikrakow.com.pl\/sklep\/wp-json\/wp\/v2\/comments?post=3011"}],"wp:featuredmedia":[{"embeddable":true,"href":"https:\/\/perukikrakow.com.pl\/sklep\/wp-json\/wp\/v2\/media\/3013"}],"wp:attachment":[{"href":"https:\/\/perukikrakow.com.pl\/sklep\/wp-json\/wp\/v2\/media?parent=3011"}],"wp:term":[{"taxonomy":"product_cat","embeddable":true,"href":"https:\/\/perukikrakow.com.pl\/sklep\/wp-json\/wp\/v2\/product_cat?post=3011"},{"taxonomy":"product_tag","embeddable":true,"href":"https:\/\/perukikrakow.com.pl\/sklep\/wp-json\/wp\/v2\/product_tag?post=3011"}],"curies":[{"name":"wp","href":"https:\/\/api.w.org\/{rel}","templated":true}]}}