{"id":2990,"date":"2022-06-21T11:21:09","date_gmt":"2022-06-21T09:21:09","guid":{"rendered":"https:\/\/perukikrakow.com.pl\/sklep\/?post_type=product&#038;p=2990"},"modified":"2022-06-21T11:21:42","modified_gmt":"2022-06-21T09:21:42","slug":"secondhair-podstawka-noga","status":"publish","type":"product","link":"https:\/\/perukikrakow.com.pl\/sklep\/produkt\/secondhair-podstawka-noga\/","title":{"rendered":"SECONDHAIR PODSTAWKA NOGA"},"content":{"rendered":"<div id=\"description-long\" class=\"description tinymce_html col-xs-12\">\n<p>Podstawka do styropianowego p\u00f3\u0142g\u0142\u00f3wka. Zapobiega \u015blizganiu si\u0119 i\u00a0przesuwaniu, jest idealna do przechowywania cz\u0119\u015bciowych system\u00f3w SecondHair.<\/p>\n<\/div>\n","protected":false},"excerpt":{"rendered":"<p>Podstawka do styropianowego p\u00f3\u0142g\u0142\u00f3wka. Zapobiega \u015blizganiu si\u0119 i\u00a0przesuwaniu, jest idealna do przechowywania cz\u0119\u015bciowych system\u00f3w SecondHair.<\/p>\n","protected":false},"featured_media":2991,"comment_status":"open","ping_status":"closed","template":"","meta":[],"product_cat":[33],"product_tag":[],"class_list":["post-2990","product","type-product","status-publish","has-post-thumbnail","hentry","product_cat-akcesoria","product-grid-view"],"_links":{"self":[{"href":"https:\/\/perukikrakow.com.pl\/sklep\/wp-json\/wp\/v2\/product\/2990","targetHints":{"allow":["GET"]}}],"collection":[{"href":"https:\/\/perukikrakow.com.pl\/sklep\/wp-json\/wp\/v2\/product"}],"about":[{"href":"https:\/\/perukikrakow.com.pl\/sklep\/wp-json\/wp\/v2\/types\/product"}],"replies":[{"embeddable":true,"href":"https:\/\/perukikrakow.com.pl\/sklep\/wp-json\/wp\/v2\/comments?post=2990"}],"wp:featuredmedia":[{"embeddable":true,"href":"https:\/\/perukikrakow.com.pl\/sklep\/wp-json\/wp\/v2\/media\/2991"}],"wp:attachment":[{"href":"https:\/\/perukikrakow.com.pl\/sklep\/wp-json\/wp\/v2\/media?parent=2990"}],"wp:term":[{"taxonomy":"product_cat","embeddable":true,"href":"https:\/\/perukikrakow.com.pl\/sklep\/wp-json\/wp\/v2\/product_cat?post=2990"},{"taxonomy":"product_tag","embeddable":true,"href":"https:\/\/perukikrakow.com.pl\/sklep\/wp-json\/wp\/v2\/product_tag?post=2990"}],"curies":[{"name":"wp","href":"https:\/\/api.w.org\/{rel}","templated":true}]}}