{"id":2988,"date":"2022-06-21T11:20:32","date_gmt":"2022-06-21T09:20:32","guid":{"rendered":"https:\/\/perukikrakow.com.pl\/sklep\/?post_type=product&#038;p=2988"},"modified":"2022-06-21T11:21:03","modified_gmt":"2022-06-21T09:21:03","slug":"plaster-clear-polksiezyc-36-sztuk","status":"publish","type":"product","link":"https:\/\/perukikrakow.com.pl\/sklep\/produkt\/plaster-clear-polksiezyc-36-sztuk\/","title":{"rendered":"Plaster CLEAR &#8211; p\u00f3\u0142ksi\u0119\u017cyc (36 sztuk)"},"content":{"rendered":"<div id=\"description-long\" class=\"description tinymce_html col-xs-12\">\n<p>Bardzo popularny, przezroczysty dwustronny plaster w\u00a0kszta\u0142cie p\u00f3\u0142ksi\u0119\u017cyca do codziennego noszenia.<br \/>\nJest delikatny dla sk\u00f3ry oraz hipoalergiczny.<\/p>\n<p>Wytrzyma\u0142o\u015b\u0107: 1-5 dni<\/p>\n<p>Opakowanie 36 sztuk<\/p>\n<\/div>\n","protected":false},"excerpt":{"rendered":"<p>Bardzo popularny, przezroczysty dwustronny plaster w\u00a0kszta\u0142cie p\u00f3\u0142ksi\u0119\u017cyca do codziennego noszenia. Jest delikatny dla sk\u00f3ry oraz hipoalergiczny. Wytrzyma\u0142o\u015b\u0107: 1-5 dni Opakowanie 36 sztuk<\/p>\n","protected":false},"featured_media":2989,"comment_status":"open","ping_status":"closed","template":"","meta":[],"product_cat":[33],"product_tag":[],"class_list":["post-2988","product","type-product","status-publish","has-post-thumbnail","hentry","product_cat-akcesoria","product-grid-view"],"_links":{"self":[{"href":"https:\/\/perukikrakow.com.pl\/sklep\/wp-json\/wp\/v2\/product\/2988","targetHints":{"allow":["GET"]}}],"collection":[{"href":"https:\/\/perukikrakow.com.pl\/sklep\/wp-json\/wp\/v2\/product"}],"about":[{"href":"https:\/\/perukikrakow.com.pl\/sklep\/wp-json\/wp\/v2\/types\/product"}],"replies":[{"embeddable":true,"href":"https:\/\/perukikrakow.com.pl\/sklep\/wp-json\/wp\/v2\/comments?post=2988"}],"wp:featuredmedia":[{"embeddable":true,"href":"https:\/\/perukikrakow.com.pl\/sklep\/wp-json\/wp\/v2\/media\/2989"}],"wp:attachment":[{"href":"https:\/\/perukikrakow.com.pl\/sklep\/wp-json\/wp\/v2\/media?parent=2988"}],"wp:term":[{"taxonomy":"product_cat","embeddable":true,"href":"https:\/\/perukikrakow.com.pl\/sklep\/wp-json\/wp\/v2\/product_cat?post=2988"},{"taxonomy":"product_tag","embeddable":true,"href":"https:\/\/perukikrakow.com.pl\/sklep\/wp-json\/wp\/v2\/product_tag?post=2988"}],"curies":[{"name":"wp","href":"https:\/\/api.w.org\/{rel}","templated":true}]}}