{"id":2956,"date":"2022-06-21T11:11:12","date_gmt":"2022-06-21T09:11:12","guid":{"rendered":"https:\/\/perukikrakow.com.pl\/sklep\/?post_type=product&#038;p=2956"},"modified":"2022-06-21T11:11:38","modified_gmt":"2022-06-21T09:11:38","slug":"plaster-clear-rolka-25mm-dlugosc-11m","status":"publish","type":"product","link":"https:\/\/perukikrakow.com.pl\/sklep\/produkt\/plaster-clear-rolka-25mm-dlugosc-11m\/","title":{"rendered":"Plaster CLEAR &#8211; rolka 25mm (d\u0142ugo\u015b\u0107 11m)"},"content":{"rendered":"<div id=\"description-long\" class=\"description tinymce_html col-xs-12\">\n<div id=\"description-long\" class=\"description tinymce_html col-xs-12\">\n<p>Bardzo popularny plaster do codziennego noszenia.<br \/>\nDelikatny dla sk\u00f3ry, hypoalergiczny.<br \/>\nPrzezroczysty, dwustronny.<br \/>\nWytrzyma\u0142o\u015b\u0107: 1-5 dni<br \/>\nRolka: 25mm * 11m<\/p>\n<\/div>\n<\/div>\n","protected":false},"excerpt":{"rendered":"<p>Bardzo popularny plaster do codziennego noszenia. Delikatny dla sk\u00f3ry, hypoalergiczny. Przezroczysty, dwustronny. Wytrzyma\u0142o\u015b\u0107: 1-5 dni Rolka: 25mm * 11m<\/p>\n","protected":false},"featured_media":2957,"comment_status":"open","ping_status":"closed","template":"","meta":[],"product_cat":[33],"product_tag":[],"class_list":["post-2956","product","type-product","status-publish","has-post-thumbnail","hentry","product_cat-akcesoria","product-grid-view"],"_links":{"self":[{"href":"https:\/\/perukikrakow.com.pl\/sklep\/wp-json\/wp\/v2\/product\/2956","targetHints":{"allow":["GET"]}}],"collection":[{"href":"https:\/\/perukikrakow.com.pl\/sklep\/wp-json\/wp\/v2\/product"}],"about":[{"href":"https:\/\/perukikrakow.com.pl\/sklep\/wp-json\/wp\/v2\/types\/product"}],"replies":[{"embeddable":true,"href":"https:\/\/perukikrakow.com.pl\/sklep\/wp-json\/wp\/v2\/comments?post=2956"}],"wp:featuredmedia":[{"embeddable":true,"href":"https:\/\/perukikrakow.com.pl\/sklep\/wp-json\/wp\/v2\/media\/2957"}],"wp:attachment":[{"href":"https:\/\/perukikrakow.com.pl\/sklep\/wp-json\/wp\/v2\/media?parent=2956"}],"wp:term":[{"taxonomy":"product_cat","embeddable":true,"href":"https:\/\/perukikrakow.com.pl\/sklep\/wp-json\/wp\/v2\/product_cat?post=2956"},{"taxonomy":"product_tag","embeddable":true,"href":"https:\/\/perukikrakow.com.pl\/sklep\/wp-json\/wp\/v2\/product_tag?post=2956"}],"curies":[{"name":"wp","href":"https:\/\/api.w.org\/{rel}","templated":true}]}}