{"id":2909,"date":"2022-06-21T10:30:17","date_gmt":"2022-06-21T08:30:17","guid":{"rendered":"https:\/\/perukikrakow.com.pl\/sklep\/?post_type=product&#038;p=2909"},"modified":"2022-06-21T10:30:44","modified_gmt":"2022-06-21T08:30:44","slug":"plaster-clear-paski-25mm-36-sztuk","status":"publish","type":"product","link":"https:\/\/perukikrakow.com.pl\/sklep\/produkt\/plaster-clear-paski-25mm-36-sztuk\/","title":{"rendered":"Plaster CLEAR &#8211; paski 25mm (36 sztuk)"},"content":{"rendered":"<p>Bardzo popularny, przezroczysty dwustronny plaster w\u00a0paskach 25x85mm.<br \/>\nJest delikatny dla sk\u00f3ry oraz hipoalergiczny.<\/p>\n<p>Wytrzyma\u0142o\u015b\u0107: 1-5 dni<\/p>\n<p>Opakowanie 36 sztuk<\/p>\n","protected":false},"excerpt":{"rendered":"<p>Bardzo popularny, przezroczysty dwustronny plaster w\u00a0paskach 25x85mm. Jest delikatny dla sk\u00f3ry oraz hipoalergiczny. Wytrzyma\u0142o\u015b\u0107: 1-5 dni Opakowanie 36 sztuk<\/p>\n","protected":false},"featured_media":2910,"comment_status":"open","ping_status":"closed","template":"","meta":[],"product_cat":[33],"product_tag":[],"class_list":["post-2909","product","type-product","status-publish","has-post-thumbnail","hentry","product_cat-akcesoria","product-grid-view"],"_links":{"self":[{"href":"https:\/\/perukikrakow.com.pl\/sklep\/wp-json\/wp\/v2\/product\/2909","targetHints":{"allow":["GET"]}}],"collection":[{"href":"https:\/\/perukikrakow.com.pl\/sklep\/wp-json\/wp\/v2\/product"}],"about":[{"href":"https:\/\/perukikrakow.com.pl\/sklep\/wp-json\/wp\/v2\/types\/product"}],"replies":[{"embeddable":true,"href":"https:\/\/perukikrakow.com.pl\/sklep\/wp-json\/wp\/v2\/comments?post=2909"}],"wp:featuredmedia":[{"embeddable":true,"href":"https:\/\/perukikrakow.com.pl\/sklep\/wp-json\/wp\/v2\/media\/2910"}],"wp:attachment":[{"href":"https:\/\/perukikrakow.com.pl\/sklep\/wp-json\/wp\/v2\/media?parent=2909"}],"wp:term":[{"taxonomy":"product_cat","embeddable":true,"href":"https:\/\/perukikrakow.com.pl\/sklep\/wp-json\/wp\/v2\/product_cat?post=2909"},{"taxonomy":"product_tag","embeddable":true,"href":"https:\/\/perukikrakow.com.pl\/sklep\/wp-json\/wp\/v2\/product_tag?post=2909"}],"curies":[{"name":"wp","href":"https:\/\/api.w.org\/{rel}","templated":true}]}}