{"id":2707,"date":"2022-06-21T08:23:20","date_gmt":"2022-06-21T06:23:20","guid":{"rendered":"https:\/\/perukikrakow.com.pl\/sklep\/?post_type=product&#038;p=2707"},"modified":"2022-07-13T03:55:14","modified_gmt":"2022-07-13T01:55:14","slug":"wodka-mitelblond-goldblond-dopinka-syntetyczna","status":"publish","type":"product","link":"https:\/\/perukikrakow.com.pl\/sklep\/produkt\/wodka-mitelblond-goldblond-dopinka-syntetyczna\/","title":{"rendered":"WODKA mitelblond\/goldblond* dopinka syntetyczna"},"content":{"rendered":"<p><img decoding=\"async\" src=\"https:\/\/perukikrakow.com.pl\/sklep\/wp-content\/uploads\/2022\/06\/ellen-wille_logo_11zon-1.jpg\" alt=\"ellen wille\" \/><br \/>\nProdukt wykonany z w\u0142osa syntetycznego. Dopink\u0119 mocuje si\u0119 na trzy klipsy typu &#8222;klik&#8221;.<\/p>\n<p>D\u0142ugo\u015b\u0107 w\u0142osa:\u00a0cieniowanie 55-63cm<\/p>\n","protected":false},"excerpt":{"rendered":"<p>Produkt wykonany z w\u0142osa syntetycznego. Dopink\u0119 mocuje si\u0119 na trzy klipsy typu &#8222;klik&#8221;. D\u0142ugo\u015b\u0107 w\u0142osa:\u00a0cieniowanie 55-63cm<\/p>\n","protected":false},"featured_media":2729,"comment_status":"open","ping_status":"closed","template":"","meta":[],"product_cat":[39,29,26],"product_tag":[],"class_list":["post-2707","product","type-product","status-publish","has-post-thumbnail","hentry","product_cat-ellen-wille","product_cat-syntetyczne-treski","product_cat-treski","product-grid-view"],"_links":{"self":[{"href":"https:\/\/perukikrakow.com.pl\/sklep\/wp-json\/wp\/v2\/product\/2707","targetHints":{"allow":["GET"]}}],"collection":[{"href":"https:\/\/perukikrakow.com.pl\/sklep\/wp-json\/wp\/v2\/product"}],"about":[{"href":"https:\/\/perukikrakow.com.pl\/sklep\/wp-json\/wp\/v2\/types\/product"}],"replies":[{"embeddable":true,"href":"https:\/\/perukikrakow.com.pl\/sklep\/wp-json\/wp\/v2\/comments?post=2707"}],"wp:featuredmedia":[{"embeddable":true,"href":"https:\/\/perukikrakow.com.pl\/sklep\/wp-json\/wp\/v2\/media\/2729"}],"wp:attachment":[{"href":"https:\/\/perukikrakow.com.pl\/sklep\/wp-json\/wp\/v2\/media?parent=2707"}],"wp:term":[{"taxonomy":"product_cat","embeddable":true,"href":"https:\/\/perukikrakow.com.pl\/sklep\/wp-json\/wp\/v2\/product_cat?post=2707"},{"taxonomy":"product_tag","embeddable":true,"href":"https:\/\/perukikrakow.com.pl\/sklep\/wp-json\/wp\/v2\/product_tag?post=2707"}],"curies":[{"name":"wp","href":"https:\/\/api.w.org\/{rel}","templated":true}]}}