{"id":2010,"date":"2022-06-14T09:32:23","date_gmt":"2022-06-14T07:32:23","guid":{"rendered":"https:\/\/perukikrakow.com.pl\/sklep\/?post_type=product&#038;p=2010"},"modified":"2022-07-13T03:58:10","modified_gmt":"2022-07-13T01:58:10","slug":"hair-in-w-kolorze-auburn-lighted-dopinka-naturalna","status":"publish","type":"product","link":"https:\/\/perukikrakow.com.pl\/sklep\/produkt\/hair-in-w-kolorze-auburn-lighted-dopinka-naturalna\/","title":{"rendered":"HAIR IN w kolorze auburn\/lighted* dopinka naturalna"},"content":{"rendered":"<p><img decoding=\"async\" src=\"https:\/\/perukikrakow.com.pl\/sklep\/wp-content\/uploads\/2022\/06\/ellen-wille_logo_11zon-1.jpg\" alt=\"ellen wille\" \/><br \/>\nDopinka wykonana z w\u0142osa naturalnego indyjskiego. Idealna zar\u00f3wno do przed\u0142u\u017cania jak i do zag\u0119szczenia w\u0142os\u00f3w.<\/p>\n<p>Komplet sk\u0142ada si\u0119 z 10 pasm w\u0142os\u00f3w o d\u0142ugo\u015bci oko\u0142o 35 cm. Proste mocowanie w postaci klips\u00f3w.<\/p>\n<p>4 pasma &#8211; szeroko\u015b\u0107 20 cm (zapi\u0119cie na 3 klipsy).<\/p>\n<p>4 pasma &#8211; szeroko\u015bci 4 cm (zapi\u0119cie na 1 klips).<\/p>\n<p>2 pasma \u2013 szeroko\u015b\u0107 2 cm (mo\u017cliwo\u015b\u0107 dokupienia klips\u00f3w).<\/p>\n","protected":false},"excerpt":{"rendered":"<p>Dopinka wykonana z w\u0142osa naturalnego indyjskiego. Idealna zar\u00f3wno do przed\u0142u\u017cania jak i do zag\u0119szczenia w\u0142os\u00f3w. Komplet sk\u0142ada si\u0119 z 10 pasm w\u0142os\u00f3w o d\u0142ugo\u015bci oko\u0142o 35 cm. Proste mocowanie w postaci klips\u00f3w. 4 pasma &#8211; szeroko\u015b\u0107 20 cm (zapi\u0119cie na 3 klipsy). 4 pasma &#8211; szeroko\u015bci 4 cm (zapi\u0119cie na 1 klips). 2 pasma \u2013 [&hellip;]<\/p>\n","protected":false},"featured_media":2033,"comment_status":"open","ping_status":"closed","template":"","meta":[],"product_cat":[39,27,26],"product_tag":[],"class_list":["post-2010","product","type-product","status-publish","has-post-thumbnail","hentry","product_cat-ellen-wille","product_cat-naturalne-treski","product_cat-treski","product-grid-view"],"_links":{"self":[{"href":"https:\/\/perukikrakow.com.pl\/sklep\/wp-json\/wp\/v2\/product\/2010","targetHints":{"allow":["GET"]}}],"collection":[{"href":"https:\/\/perukikrakow.com.pl\/sklep\/wp-json\/wp\/v2\/product"}],"about":[{"href":"https:\/\/perukikrakow.com.pl\/sklep\/wp-json\/wp\/v2\/types\/product"}],"replies":[{"embeddable":true,"href":"https:\/\/perukikrakow.com.pl\/sklep\/wp-json\/wp\/v2\/comments?post=2010"}],"wp:featuredmedia":[{"embeddable":true,"href":"https:\/\/perukikrakow.com.pl\/sklep\/wp-json\/wp\/v2\/media\/2033"}],"wp:attachment":[{"href":"https:\/\/perukikrakow.com.pl\/sklep\/wp-json\/wp\/v2\/media?parent=2010"}],"wp:term":[{"taxonomy":"product_cat","embeddable":true,"href":"https:\/\/perukikrakow.com.pl\/sklep\/wp-json\/wp\/v2\/product_cat?post=2010"},{"taxonomy":"product_tag","embeddable":true,"href":"https:\/\/perukikrakow.com.pl\/sklep\/wp-json\/wp\/v2\/product_tag?post=2010"}],"curies":[{"name":"wp","href":"https:\/\/api.w.org\/{rel}","templated":true}]}}