{"id":1960,"date":"2022-06-14T09:21:36","date_gmt":"2022-06-14T07:21:36","guid":{"rendered":"https:\/\/perukikrakow.com.pl\/sklep\/?post_type=product&#038;p=1960"},"modified":"2022-06-14T09:26:31","modified_gmt":"2022-06-14T07:26:31","slug":"cersa-30cm-kolor-1-dopinka-naturalna","status":"publish","type":"product","link":"https:\/\/perukikrakow.com.pl\/sklep\/produkt\/cersa-30cm-kolor-1-dopinka-naturalna\/","title":{"rendered":"CERSA 30cm, kolor 1 dopinka naturalna"},"content":{"rendered":"<p>Produkt wykonany z naturalnego w\u0142osa s\u0142owia\u0144skiego w kolorze nr 1 i d\u0142ugo\u015bci 30cm. W\u0142osy s\u0105 niemodyfikowane, a dopinka b\u0119dzie doskona\u0142ym uzupe\u0142nieniem z mo\u017cliwo\u015bci\u0105 przeplotu w\u0142asnych w\u0142os\u00f3w przez oczka.<br \/>\nBaza o \u015brednicy ok. 9 cm.<\/p>\n","protected":false},"excerpt":{"rendered":"<p>Produkt wykonany z naturalnego w\u0142osa s\u0142owia\u0144skiego w kolorze nr 1 i d\u0142ugo\u015bci 30cm. W\u0142osy s\u0105 niemodyfikowane, a dopinka b\u0119dzie doskona\u0142ym uzupe\u0142nieniem z mo\u017cliwo\u015bci\u0105 przeplotu w\u0142asnych w\u0142os\u00f3w przez oczka. Baza o \u015brednicy ok. 9 cm.<\/p>\n","protected":false},"featured_media":1978,"comment_status":"open","ping_status":"closed","template":"","meta":[],"product_cat":[27,26],"product_tag":[],"class_list":["post-1960","product","type-product","status-publish","has-post-thumbnail","hentry","product_cat-naturalne-treski","product_cat-treski","product-grid-view"],"_links":{"self":[{"href":"https:\/\/perukikrakow.com.pl\/sklep\/wp-json\/wp\/v2\/product\/1960","targetHints":{"allow":["GET"]}}],"collection":[{"href":"https:\/\/perukikrakow.com.pl\/sklep\/wp-json\/wp\/v2\/product"}],"about":[{"href":"https:\/\/perukikrakow.com.pl\/sklep\/wp-json\/wp\/v2\/types\/product"}],"replies":[{"embeddable":true,"href":"https:\/\/perukikrakow.com.pl\/sklep\/wp-json\/wp\/v2\/comments?post=1960"}],"wp:featuredmedia":[{"embeddable":true,"href":"https:\/\/perukikrakow.com.pl\/sklep\/wp-json\/wp\/v2\/media\/1978"}],"wp:attachment":[{"href":"https:\/\/perukikrakow.com.pl\/sklep\/wp-json\/wp\/v2\/media?parent=1960"}],"wp:term":[{"taxonomy":"product_cat","embeddable":true,"href":"https:\/\/perukikrakow.com.pl\/sklep\/wp-json\/wp\/v2\/product_cat?post=1960"},{"taxonomy":"product_tag","embeddable":true,"href":"https:\/\/perukikrakow.com.pl\/sklep\/wp-json\/wp\/v2\/product_tag?post=1960"}],"curies":[{"name":"wp","href":"https:\/\/api.w.org\/{rel}","templated":true}]}}