{"id":1926,"date":"2022-06-14T09:13:05","date_gmt":"2022-06-14T07:13:05","guid":{"rendered":"https:\/\/perukikrakow.com.pl\/sklep\/?post_type=product&#038;p=1926"},"modified":"2022-06-14T09:14:07","modified_gmt":"2022-06-14T07:14:07","slug":"lux-clip-me-clip-in-35cm-125g-kolor-12","status":"publish","type":"product","link":"https:\/\/perukikrakow.com.pl\/sklep\/produkt\/lux-clip-me-clip-in-35cm-125g-kolor-12\/","title":{"rendered":"LUX CLIP ME &#8211; clip in 35cm 125g kolor 12"},"content":{"rendered":"<p>Dopinka do przed\u0142u\u017cania w\u0142os\u00f3w metod\u0105 clip-in.<\/p>\n<p>10 pasm na spineczkach (dwa po 4, dwa po 3, dwa po 2 i cztery po 1)<\/p>\n<p>Wykonana jest z naturalnych dziewiczych w\u0142os\u00f3w s\u0142owia\u0144skich, a jej doczepianie polega na wpi\u0119ciu we w\u0142osy za pomoc\u0105 specjalnych niewielkich spineczek, kt\u00f3re po za\u0142o\u017ceniu s\u0105 niewidoczne, bo ukryte we w\u0142osach.<\/p>\n<p>D\u0142ugo\u015b\u0107: 35cm<\/p>\n<p>Waga: 125g<\/p>\n<p>Zalet\u0105 metody clip-in jest bezinwazyjno\u015b\u0107 oraz pe\u0142ne bezpiecze\u0144stwo stosowania &#8211; nawet w domowych warunkach. Ponadto nie wymaga ona poprawiania lub zabieg\u00f3w podci\u0105gania. Fryzura zostaje zag\u0119szczona i wygl\u0105da lepiej, a w\u0142osy nie s\u0105 trwale obci\u0105\u017cane.<\/p>\n<p>Pasma Hair Me Lux to najwy\u017csza jako\u015b\u0107 w\u0142os\u00f3w do przed\u0142u\u017cania: s\u0105 ca\u0142kowicie naturalne, niemodyfikowane ani nie farbowane, maj\u0105 te\u017c zachowan\u0105 \u0142usk\u0119 i pochodz\u0105 tylko od S\u0142owianek.<\/p>\n","protected":false},"excerpt":{"rendered":"<p>Dopinka do przed\u0142u\u017cania w\u0142os\u00f3w metod\u0105 clip-in. 10 pasm na spineczkach (dwa po 4, dwa po 3, dwa po 2 i cztery po 1) Wykonana jest z naturalnych dziewiczych w\u0142os\u00f3w s\u0142owia\u0144skich, a jej doczepianie polega na wpi\u0119ciu we w\u0142osy za pomoc\u0105 specjalnych niewielkich spineczek, kt\u00f3re po za\u0142o\u017ceniu s\u0105 niewidoczne, bo ukryte we w\u0142osach. D\u0142ugo\u015b\u0107: 35cm Waga: [&hellip;]<\/p>\n","protected":false},"featured_media":1925,"comment_status":"open","ping_status":"closed","template":"","meta":[],"product_cat":[27,26],"product_tag":[],"class_list":["post-1926","product","type-product","status-publish","has-post-thumbnail","hentry","product_cat-naturalne-treski","product_cat-treski","product-grid-view"],"_links":{"self":[{"href":"https:\/\/perukikrakow.com.pl\/sklep\/wp-json\/wp\/v2\/product\/1926","targetHints":{"allow":["GET"]}}],"collection":[{"href":"https:\/\/perukikrakow.com.pl\/sklep\/wp-json\/wp\/v2\/product"}],"about":[{"href":"https:\/\/perukikrakow.com.pl\/sklep\/wp-json\/wp\/v2\/types\/product"}],"replies":[{"embeddable":true,"href":"https:\/\/perukikrakow.com.pl\/sklep\/wp-json\/wp\/v2\/comments?post=1926"}],"wp:featuredmedia":[{"embeddable":true,"href":"https:\/\/perukikrakow.com.pl\/sklep\/wp-json\/wp\/v2\/media\/1925"}],"wp:attachment":[{"href":"https:\/\/perukikrakow.com.pl\/sklep\/wp-json\/wp\/v2\/media?parent=1926"}],"wp:term":[{"taxonomy":"product_cat","embeddable":true,"href":"https:\/\/perukikrakow.com.pl\/sklep\/wp-json\/wp\/v2\/product_cat?post=1926"},{"taxonomy":"product_tag","embeddable":true,"href":"https:\/\/perukikrakow.com.pl\/sklep\/wp-json\/wp\/v2\/product_tag?post=1926"}],"curies":[{"name":"wp","href":"https:\/\/api.w.org\/{rel}","templated":true}]}}