{"id":1434,"date":"2022-06-10T02:18:36","date_gmt":"2022-06-10T00:18:36","guid":{"rendered":"https:\/\/perukikrakow.com.pl\/sklep\/?post_type=product&#038;p=1434"},"modified":"2022-07-13T04:16:39","modified_gmt":"2022-07-13T02:16:39","slug":"close-w-kolorze-champagne-mix-kolekcja-top-power","status":"publish","type":"product","link":"https:\/\/perukikrakow.com.pl\/sklep\/produkt\/close-w-kolorze-champagne-mix-kolekcja-top-power\/","title":{"rendered":"CLOSE w kolorze champagne\/mix Kolekcja TOP POWER"},"content":{"rendered":"<p><img decoding=\"async\" src=\"https:\/\/perukikrakow.com.pl\/sklep\/wp-content\/uploads\/2022\/06\/ellen-wille_logo_11zon-1.jpg\" alt=\"ellen wille\" \/><\/p>\n<div id=\"description-long\" class=\"description tinymce_html col-xs-12\">\n<p>Topper na delikatnej tiulowej bazie wykonany z\u00a0syntetycznych w\u0142os\u00f3w o\u00a0d\u0142ugo\u015bci 9-10cm.<\/p>\n<p>Posiada z\u00a0przodu lini\u0119 rozmyt\u0105 nadaj\u0105c\u0105 naturalny wygl\u0105d (w\u0142osy wygl\u0105daj\u0105 jak wyrastaj\u0105ce ze sk\u00f3ry g\u0142owy).<br \/>\nBaza stabilnie okala g\u0142ow\u0119 i\u00a0jest \u0142agodna dla wra\u017cliwej sk\u00f3ry, a\u00a0mocuje si\u0119 j\u0105 za pomoc\u0105 przyszytych spineczek typu &#8222;klik&#8221;.&nbsp;<\/p>\n<p>Wymiary bazy: 23x29cm<\/p>\n<p>D\u0142ugo\u015b\u0107 w\u0142os\u00f3w: 9-10cm<\/p>\n<p>Kupujesz topper w\u00a0kolorze podanym w\u00a0tytule i\u00a0znajduj\u0105cym si\u0119 w\u00a0kwadracie w\u00a0lewym g\u00f3rnym rogu. Zdj\u0119cie na stojaku oraz modelka prezentuj\u0105 kolor salt\/pepper\/mix.<\/p>\n<\/div>\n","protected":false},"excerpt":{"rendered":"<p>Topper na delikatnej tiulowej bazie wykonany z\u00a0syntetycznych w\u0142os\u00f3w o\u00a0d\u0142ugo\u015bci 9-10cm. Posiada z\u00a0przodu lini\u0119 rozmyt\u0105 nadaj\u0105c\u0105 naturalny wygl\u0105d (w\u0142osy wygl\u0105daj\u0105 jak wyrastaj\u0105ce ze sk\u00f3ry g\u0142owy). Baza stabilnie okala g\u0142ow\u0119 i\u00a0jest \u0142agodna dla wra\u017cliwej sk\u00f3ry, a\u00a0mocuje si\u0119 j\u0105 za pomoc\u0105 przyszytych spineczek typu &#8222;klik&#8221;.&nbsp; Wymiary bazy: 23x29cm D\u0142ugo\u015b\u0107 w\u0142os\u00f3w: 9-10cm Kupujesz topper w\u00a0kolorze podanym w\u00a0tytule i\u00a0znajduj\u0105cym si\u0119 [&hellip;]<\/p>\n","protected":false},"featured_media":1458,"comment_status":"open","ping_status":"closed","template":"","meta":[],"product_cat":[39,24,23],"product_tag":[],"class_list":["post-1434","product","type-product","status-publish","has-post-thumbnail","hentry","product_cat-ellen-wille","product_cat-syntetyczne-toppry","product_cat-toppry","product-grid-view"],"_links":{"self":[{"href":"https:\/\/perukikrakow.com.pl\/sklep\/wp-json\/wp\/v2\/product\/1434","targetHints":{"allow":["GET"]}}],"collection":[{"href":"https:\/\/perukikrakow.com.pl\/sklep\/wp-json\/wp\/v2\/product"}],"about":[{"href":"https:\/\/perukikrakow.com.pl\/sklep\/wp-json\/wp\/v2\/types\/product"}],"replies":[{"embeddable":true,"href":"https:\/\/perukikrakow.com.pl\/sklep\/wp-json\/wp\/v2\/comments?post=1434"}],"wp:featuredmedia":[{"embeddable":true,"href":"https:\/\/perukikrakow.com.pl\/sklep\/wp-json\/wp\/v2\/media\/1458"}],"wp:attachment":[{"href":"https:\/\/perukikrakow.com.pl\/sklep\/wp-json\/wp\/v2\/media?parent=1434"}],"wp:term":[{"taxonomy":"product_cat","embeddable":true,"href":"https:\/\/perukikrakow.com.pl\/sklep\/wp-json\/wp\/v2\/product_cat?post=1434"},{"taxonomy":"product_tag","embeddable":true,"href":"https:\/\/perukikrakow.com.pl\/sklep\/wp-json\/wp\/v2\/product_tag?post=1434"}],"curies":[{"name":"wp","href":"https:\/\/api.w.org\/{rel}","templated":true}]}}